{"id":11570,"date":"2025-02-28T17:12:57","date_gmt":"2025-02-28T16:12:57","guid":{"rendered":"https:\/\/spectro-uvex.tech\/?post_type=product&#038;p=11570"},"modified":"2025-12-31T17:03:06","modified_gmt":"2025-12-31T16:03:06","slug":"km-kit-mecanique-pour-uvex4i","status":"publish","type":"product","link":"https:\/\/spectro-uvex.tech\/?product=km-kit-mecanique-pour-uvex4i","title":{"rendered":"KM &#8211; Kit m\u00e9canique pour UVEX<sup>4i<\/sup>"},"content":{"rendered":"<table>\n<tbody>\n<tr>\n<td width=\"33%\"><\/td>\n<td width=\"33%\"><\/td>\n<td width=\"33%\"><\/td>\n<\/tr>\n<tr>\n<td><a href=\"https:\/\/spectro-uvex.tech\/?p=11156#KM01\" target=\"_blank\" rel=\"noopener\"><strong>KM 01<\/strong><\/a><\/p>\n<ul>\n<li>1 M4 x 18 (pour fixation M1)<\/li>\n<li>vis cruciforme t\u00eate frais\u00e9e M4x12.<\/li>\n<li>1 M2x12 (r\u00e9glage par manette du M2)<\/li>\n<li>1 \u00c9crou M2 (prisonnier pour manette M2)<\/li>\n<li>2 ressorts 3x30x0,3 mm<\/li>\n<li>2 tiges 2mm x 50mm<\/li>\n<li>1 ressort 19\u00d79,5\u00d70,7mm<\/li>\n<\/ul>\n<\/td>\n<td><a href=\"https:\/\/spectro-uvex.tech\/?p=11156#KM02\" target=\"_blank\" rel=\"noopener\"><strong>KM 02<\/strong><\/a><\/p>\n<ul>\n<li>Vis 2x M2x4<\/li>\n<li>2 x Aimants n\u00e9odyme \u22055mm h=8mm<\/li>\n<li>2 x Aimants parall\u00e9l\u00e9pip\u00e9diques 10x5x2mm<\/li>\n<\/ul>\n<\/td>\n<td><a href=\"https:\/\/spectro-uvex.tech\/?p=11156#KM03\" target=\"_blank\" rel=\"noopener\"><strong>KM 03<\/strong><\/a><\/p>\n<ul>\n<li>Roulement \u00e0 bille D=28 et d=12mm e=8 (roulement r\u00e9seau bas)<\/li>\n<li>Roulement \u00e0 bille D=11 et d=5mm e=5 (roulement r\u00e9seau haut pour couvercle)<\/li>\n<\/ul>\n<\/td>\n<\/tr>\n<tr>\n<td><a href=\"https:\/\/spectro-uvex.tech\/?p=11156#KM04\" target=\"_blank\" rel=\"noopener\"><strong>KM 04<\/strong><\/a><\/p>\n<ul>\n<li>M4x10 vis d\u2019axe r\u00e9seau.<\/li>\n<li>Vis sans fin ModContinMini 0,3 dents.<\/li>\n<li>Couronne 1\/100 \u00f8 24mm.<\/li>\n<li>2 roulements \u00e0 billes pour vis sans fin<\/li>\n<li>3 vis M3 x 20 Fixation \u00e0 l\u2019UVEX<sup>4i<\/sup><\/li>\n<li>2 vis M4x6 pour fixation moteur de r\u00e9seau.<\/li>\n<\/ul>\n<\/td>\n<td><a href=\"https:\/\/spectro-uvex.tech\/?p=11156#KM05\" target=\"_blank\" rel=\"noopener\"><strong>KM 05<\/strong><\/a><\/p>\n<ul>\n<li>Roulement 24x15x5<\/li>\n<li>M3x8 fixation inf\u00e9rieure courte.<\/li>\n<li>M3x16 fixation sup\u00e9rieure (attache c\u00e2ble Led + photodiode).<\/li>\n<li>M2x4 centrale pour fente claire (option)<\/li>\n<li>2 x M4x6 + \u00e9crou pour support de moteur<\/li>\n<\/ul>\n<\/td>\n<td><a href=\"https:\/\/spectro-uvex.tech\/?p=11156#KM06\" target=\"_blank\" rel=\"noopener\"><strong>KM 06<\/strong><\/a><\/p>\n<ul>\n<li>Vis 5x M4x10 fixation base<\/li>\n<li>Vis 2x M4x6 pour motorisation mise au point<\/li>\n<li>Vis molet\u00e9e 5 x M4x10 (capot)<\/li>\n<\/ul>\n<\/td>\n<\/tr>\n<tr>\n<td><\/td>\n<td><\/td>\n<td><\/td>\n<\/tr>\n<\/tbody>\n<\/table>\n","protected":false},"excerpt":{"rendered":"<p><strong>Le Kit m\u00e9canique (KM)<\/strong> contient toute la visserie, les aimants, les ressorts, les tiges, les 3 roulements, la couronne + vis sans fin + les 2 roulements de r\u00e9duction, pour le mouvement fin du r\u00e9seau.\u00a0Nous nous chargeons de rassembler l\u2019ensemble de ces pi\u00e8ces pour vous dans des sachets num\u00e9rot\u00e9s, il n\u2019y plus qu\u2019\u00e0 visser ;-).<\/p>\n<p>Photo non contractuelle.<\/p>\n","protected":false},"featured_media":6014,"comment_status":"open","ping_status":"closed","template":"","meta":{"ocean_post_layout":"full-screen","ocean_both_sidebars_style":"","ocean_both_sidebars_content_width":0,"ocean_both_sidebars_sidebars_width":0,"ocean_sidebar":"0","ocean_second_sidebar":"0","ocean_disable_margins":"enable","ocean_add_body_class":"","ocean_shortcode_before_top_bar":"","ocean_shortcode_after_top_bar":"","ocean_shortcode_before_header":"","ocean_shortcode_after_header":"","ocean_has_shortcode":"","ocean_shortcode_after_title":"","ocean_shortcode_before_footer_widgets":"","ocean_shortcode_after_footer_widgets":"","ocean_shortcode_before_footer_bottom":"","ocean_shortcode_after_footer_bottom":"","ocean_display_top_bar":"default","ocean_display_header":"default","ocean_header_style":"","ocean_center_header_left_menu":"0","ocean_custom_header_template":"0","ocean_custom_logo":0,"ocean_custom_retina_logo":0,"ocean_custom_logo_max_width":0,"ocean_custom_logo_tablet_max_width":0,"ocean_custom_logo_mobile_max_width":0,"ocean_custom_logo_max_height":0,"ocean_custom_logo_tablet_max_height":0,"ocean_custom_logo_mobile_max_height":0,"ocean_header_custom_menu":"0","ocean_menu_typo_font_family":"0","ocean_menu_typo_font_subset":"","ocean_menu_typo_font_size":0,"ocean_menu_typo_font_size_tablet":0,"ocean_menu_typo_font_size_mobile":0,"ocean_menu_typo_font_size_unit":"px","ocean_menu_typo_font_weight":"","ocean_menu_typo_font_weight_tablet":"","ocean_menu_typo_font_weight_mobile":"","ocean_menu_typo_transform":"","ocean_menu_typo_transform_tablet":"","ocean_menu_typo_transform_mobile":"","ocean_menu_typo_line_height":0,"ocean_menu_typo_line_height_tablet":0,"ocean_menu_typo_line_height_mobile":0,"ocean_menu_typo_line_height_unit":"","ocean_menu_typo_spacing":0,"ocean_menu_typo_spacing_tablet":0,"ocean_menu_typo_spacing_mobile":0,"ocean_menu_typo_spacing_unit":"","ocean_menu_link_color":"","ocean_menu_link_color_hover":"","ocean_menu_link_color_active":"","ocean_menu_link_background":"","ocean_menu_link_hover_background":"","ocean_menu_link_active_background":"","ocean_menu_social_links_bg":"","ocean_menu_social_hover_links_bg":"","ocean_menu_social_links_color":"","ocean_menu_social_hover_links_color":"","ocean_disable_title":"default","ocean_disable_heading":"default","ocean_post_title":"","ocean_post_subheading":"","ocean_post_title_style":"","ocean_post_title_background_color":"","ocean_post_title_background":0,"ocean_post_title_bg_image_position":"","ocean_post_title_bg_image_attachment":"","ocean_post_title_bg_image_repeat":"","ocean_post_title_bg_image_size":"","ocean_post_title_height":0,"ocean_post_title_bg_overlay":0.5,"ocean_post_title_bg_overlay_color":"","ocean_disable_breadcrumbs":"default","ocean_breadcrumbs_color":"","ocean_breadcrumbs_separator_color":"","ocean_breadcrumbs_links_color":"","ocean_breadcrumbs_links_hover_color":"","ocean_display_footer_widgets":"default","ocean_display_footer_bottom":"default","ocean_custom_footer_template":"0"},"product_brand":[],"product_cat":[119,165],"product_tag":[],"class_list":{"0":"post-11570","1":"product","2":"type-product","3":"status-publish","4":"has-post-thumbnail","6":"product_cat-pieces-detachees","7":"product_cat-uvex4i","9":"entry","10":"has-media","12":"first","13":"instock","14":"purchasable","15":"product-type-simple","16":"has-product-nav","17":"col","18":"span_1_of_4","19":"owp-content-center","20":"owp-thumbs-layout-horizontal","21":"owp-btn-normal","22":"owp-tabs-layout-horizontal","23":"has-no-thumbnails"},"jetpack_sharing_enabled":true,"_links":{"self":[{"href":"https:\/\/spectro-uvex.tech\/index.php?rest_route=\/wp\/v2\/product\/11570","targetHints":{"allow":["GET"]}}],"collection":[{"href":"https:\/\/spectro-uvex.tech\/index.php?rest_route=\/wp\/v2\/product"}],"about":[{"href":"https:\/\/spectro-uvex.tech\/index.php?rest_route=\/wp\/v2\/types\/product"}],"replies":[{"embeddable":true,"href":"https:\/\/spectro-uvex.tech\/index.php?rest_route=%2Fwp%2Fv2%2Fcomments&post=11570"}],"wp:featuredmedia":[{"embeddable":true,"href":"https:\/\/spectro-uvex.tech\/index.php?rest_route=\/wp\/v2\/media\/6014"}],"wp:attachment":[{"href":"https:\/\/spectro-uvex.tech\/index.php?rest_route=%2Fwp%2Fv2%2Fmedia&parent=11570"}],"wp:term":[{"taxonomy":"product_brand","embeddable":true,"href":"https:\/\/spectro-uvex.tech\/index.php?rest_route=%2Fwp%2Fv2%2Fproduct_brand&post=11570"},{"taxonomy":"product_cat","embeddable":true,"href":"https:\/\/spectro-uvex.tech\/index.php?rest_route=%2Fwp%2Fv2%2Fproduct_cat&post=11570"},{"taxonomy":"product_tag","embeddable":true,"href":"https:\/\/spectro-uvex.tech\/index.php?rest_route=%2Fwp%2Fv2%2Fproduct_tag&post=11570"}],"curies":[{"name":"wp","href":"https:\/\/api.w.org\/{rel}","templated":true}]}}